{"id":712,"date":"2024-01-26T13:07:29","date_gmt":"2024-01-26T12:07:29","guid":{"rendered":"https:\/\/grupetto.de\/shop\/fahrrad\/unkategorisiert\/velo-de-ville-v200-esprit-2\/"},"modified":"2025-06-02T23:07:38","modified_gmt":"2025-06-02T21:07:38","slug":"velo-de-ville-v200-esprit-2","status":"publish","type":"product","link":"https:\/\/grupetto.de\/shop\/fahrrad\/velo-de-ville\/velo-de-ville-v200-esprit-2\/","title":{"rendered":"Velo de Ville V200 Esprit"},"content":{"rendered":"<p>Deep Black\/ 60cm \/ Diamant Classic\/ 7Gg Nex FL<\/p>\n<div class=\"col-lg-6 d-flex px-md-5 py-1\">\n<div class=\"review-question\"><strong>RAHMENFORM<\/strong><\/div>\n<div class=\"review-answer\">Diamant Classic<\/div>\n<div class=\"review-component-price text-right\"><\/div>\n<\/div>\n<div class=\"col-lg-6 d-flex px-md-5 py-1\">\n<div class=\"review-question\"><strong>RAHMENH\u00d6HE<\/strong><\/div>\n<div class=\"review-answer\">60 cm<\/div>\n<div class=\"review-component-price text-right\"><\/div>\n<\/div>\n<div class=\"col-lg-6 d-flex px-md-5 py-1\">\n<div class=\"review-question\"><strong>RAHMENFARBE<\/strong><\/div>\n<div class=\"review-answer\">Deep Black glanz<\/div>\n<div class=\"review-component-price text-right\"><\/div>\n<\/div>\n<div class=\"col-lg-6 d-flex px-md-5 py-1\">\n<div class=\"review-question\"><strong>DEKOR<\/strong><\/div>\n<div class=\"review-answer\">VDV Wei\u00df<\/div>\n<div class=\"review-component-price text-right\"><\/div>\n<\/div>\n<div class=\"col-lg-6 d-flex px-md-5 py-1\">\n<div class=\"review-question\"><strong>ANTRIEB<\/strong><\/div>\n<div class=\"review-answer\">Kette<\/div>\n<div>7 Gang Nexus FL<\/div>\n<div class=\"review-component-price text-right\"><\/div>\n<\/div>\n<div class=\"col-lg-6 d-flex px-md-5 py-1\">\n<div class=\"review-question\"><strong>GABEL<\/strong><\/div>\n<div class=\"review-answer\">Alu Starrgabel in Rahmenfarbe<\/div>\n<div class=\"review-component-price text-right\"><\/div>\n<\/div>\n<div class=\"col-lg-6 d-flex px-md-5 py-1\">\n<div class=\"review-question\"><strong>AUSSTATTUNGSPAKET<\/strong><\/div>\n<div class=\"review-answer\">Licht<\/div>\n<div class=\"review-component-price text-right\"><span class=\"text-primary\">\u00a0<\/span><\/div>\n<\/div>\n<div class=\"col-lg-6 d-flex px-md-5 py-1\">\n<div class=\"review-question\"><strong>SCHEINWERFER<\/strong><\/div>\n<div class=\"review-answer\">Busch&amp;M\u00fcller IQ-XS (80 Lux) mirror<\/div>\n<div class=\"review-component-price text-right\"><\/div>\n<\/div>\n<div class=\"col-lg-6 d-flex px-md-5 py-1\">\n<div class=\"review-question\"><strong>DYNAMO<\/strong><\/div>\n<div class=\"review-answer\">Shimano ALFINE QR<\/div>\n<div class=\"review-component-price text-right\"><\/div>\n<\/div>\n<div class=\"col-lg-6 d-flex px-md-5 py-1\">\n<div class=\"review-question\"><strong>SATTELST\u00dcTZE<\/strong><\/div>\n<div class=\"review-answer\">Lightskin mit integriertem R\u00fccklicht<\/div>\n<div class=\"review-component-price text-right\"><\/div>\n<\/div>\n<div class=\"col-lg-6 d-flex px-md-5 py-1\">\n<div class=\"review-question\"><strong>LENKER<\/strong><\/div>\n<div class=\"review-answer\">Fixie Flat Bar Mirror<\/div>\n<div class=\"review-component-price text-right\"><\/div>\n<\/div>\n<div class=\"col-lg-6 d-flex px-md-5 py-1\">\n<div class=\"review-question\"><strong>VORBAU<\/strong><\/div>\n<div class=\"review-answer\">Ergotec Pike Ahead Mirror<\/div>\n<div class=\"review-component-price text-right\"><\/div>\n<\/div>\n<div class=\"col-lg-6 d-flex px-md-5 py-1\">\n<div class=\"review-question\"><strong>LENKERGRIFFE<\/strong><\/div>\n<div class=\"review-answer\">Ergotec Active Flex<\/div>\n<div class=\"review-component-price text-right\"><\/div>\n<\/div>\n<div class=\"col-lg-6 d-flex px-md-5 py-1\">\n<div class=\"review-question\"><strong>BEREIFUNG<\/strong><\/div>\n<div class=\"review-answer\">Schwalbe G-One Allround 40-622<\/div>\n<div class=\"review-component-price text-right\"><\/div>\n<\/div>\n<div class=\"col-lg-6 d-flex px-md-5 py-1\">\n<div class=\"review-question\"><strong>RADSCH\u00dcTZER<\/strong><\/div>\n<div class=\"review-answer\">Aluminium Mirror<\/div>\n<div class=\"review-component-price text-right\"><\/div>\n<\/div>\n<div class=\"col-lg-6 d-flex px-md-5 py-1\">\n<div class=\"review-question\"><strong>KETTENSCH\u00dcTZER<\/strong><\/div>\n<div class=\"review-answer\">VDV 38Z, mirror<\/div>\n<div class=\"review-component-price text-right\"><\/div>\n<\/div>\n<div class=\"col-lg-6 d-flex px-md-5 py-1\">\n<div class=\"review-question\"><strong>BREMSEN<\/strong><\/div>\n<div class=\"review-answer\">Magura HS11<\/div>\n<div class=\"review-component-price text-right\"><span class=\"text-primary\">\u00a0<\/span><\/div>\n<\/div>\n<div class=\"col-lg-6 d-flex px-md-5 py-1\">\n<div class=\"review-question\"><strong>SATTEL<\/strong><\/div>\n<div class=\"review-answer\">Selle Royal Lookin Moderate Trekking<\/div>\n<div class=\"review-component-price text-right\"><span class=\"text-primary\">\u00a0<\/span><\/div>\n<\/div>\n<div class=\"col-lg-6 d-flex px-md-5 py-1\">\n<div class=\"review-question\"><strong>PEDALE<\/strong><\/div>\n<div class=\"review-answer\">Marwi SP-828<\/div>\n<div class=\"review-component-price text-right\"><\/div>\n<\/div>\n","protected":false},"excerpt":{"rendered":"<p>Deep Black\/ 60cm \/ Diamant Classic\/ 7Gg Nex FL RAHMENFORM Diamant Classic RAHMENH\u00d6HE 60 cm RAHMENFARBE Deep Black glanz DEKOR VDV Wei\u00df ANTRIEB Kette 7 Gang Nexus FL GABEL Alu Starrgabel in Rahmenfarbe AUSSTATTUNGSPAKET Licht \u00a0 SCHEINWERFER Busch&amp;M\u00fcller IQ-XS (80 Lux) mirror DYNAMO Shimano ALFINE QR SATTELST\u00dcTZE Lightskin mit integriertem R\u00fccklicht LENKER Fixie Flat Bar [&hellip;]<\/p>\n","protected":false},"featured_media":1090,"template":"","meta":[],"product_brand":[],"product_cat":[17],"product_tag":[],"class_list":{"0":"post-712","1":"product","2":"type-product","3":"status-publish","4":"has-post-thumbnail","6":"product_cat-velo-de-ville","8":"first","9":"instock","10":"taxable","11":"shipping-taxable","12":"purchasable","13":"product-type-simple"},"_links":{"self":[{"href":"https:\/\/grupetto.de\/shop\/wp-json\/wp\/v2\/product\/712","targetHints":{"allow":["GET"]}}],"collection":[{"href":"https:\/\/grupetto.de\/shop\/wp-json\/wp\/v2\/product"}],"about":[{"href":"https:\/\/grupetto.de\/shop\/wp-json\/wp\/v2\/types\/product"}],"wp:featuredmedia":[{"embeddable":true,"href":"https:\/\/grupetto.de\/shop\/wp-json\/wp\/v2\/media\/1090"}],"wp:attachment":[{"href":"https:\/\/grupetto.de\/shop\/wp-json\/wp\/v2\/media?parent=712"}],"wp:term":[{"taxonomy":"product_brand","embeddable":true,"href":"https:\/\/grupetto.de\/shop\/wp-json\/wp\/v2\/product_brand?post=712"},{"taxonomy":"product_cat","embeddable":true,"href":"https:\/\/grupetto.de\/shop\/wp-json\/wp\/v2\/product_cat?post=712"},{"taxonomy":"product_tag","embeddable":true,"href":"https:\/\/grupetto.de\/shop\/wp-json\/wp\/v2\/product_tag?post=712"}],"curies":[{"name":"wp","href":"https:\/\/api.w.org\/{rel}","templated":true}]}}