{"id":707,"date":"2024-01-26T13:07:26","date_gmt":"2024-01-26T12:07:26","guid":{"rendered":"https:\/\/grupetto.de\/shop\/fahrrad\/unkategorisiert\/v200-esprit-7gg-nex-fl-size-55cm-eco-grey\/"},"modified":"2025-06-02T23:07:22","modified_gmt":"2025-06-02T21:07:22","slug":"v200-esprit-7gg-nex-fl-size-55cm-eco-grey","status":"publish","type":"product","link":"https:\/\/grupetto.de\/shop\/fahrrad\/velo-de-ville\/v200-esprit-7gg-nex-fl-size-55cm-eco-grey\/","title":{"rendered":"V200 ESPRIT 7Gg Nex FL &#8211; Size: 55cm &#8211; Eco Grey"},"content":{"rendered":"<div class=\"row\">\n<div class=\"col-lg-6 d-flex px-md-5 py-1\">\n<div class=\"review-question\"><strong>RAHMENFORM<\/strong><\/div>\n<div class=\"review-answer\">Diamant Classic<\/div>\n<div><\/div>\n<\/div>\n<div class=\"col-lg-6 d-flex px-md-5 py-1\">\n<div class=\"review-question\"><strong>RAHMENH\u00d6HE<\/strong><\/div>\n<div class=\"review-answer\">55 cm<\/div>\n<div class=\"review-component-price text-right\"><\/div>\n<\/div>\n<div class=\"col-lg-6 d-flex px-md-5 py-1\">\n<div class=\"review-question\"><strong>RAHMENFARBE<\/strong><\/div>\n<div class=\"review-answer\">ECO Grey<\/div>\n<div class=\"review-component-price text-right\"><\/div>\n<\/div>\n<div class=\"col-lg-6 d-flex px-md-5 py-1\">\n<div class=\"review-question\"><strong>DEKOR<\/strong><\/div>\n<div class=\"review-answer\">VDV Wei\u00df<\/div>\n<div class=\"review-component-price text-right\"><\/div>\n<\/div>\n<div class=\"col-lg-6 d-flex px-md-5 py-1\">\n<div class=\"review-question\"><strong>ANTRIEB<\/strong><\/div>\n<div class=\"review-answer\">Kette<\/div>\n<div class=\"review-component-price text-right\"><\/div>\n<\/div>\n<div class=\"col-lg-6 d-flex px-md-5 py-1\">\n<div class=\"review-question\"><strong>GABEL<\/strong><\/div>\n<div class=\"review-answer\">Alu Starrgabel in Rahmenfarbe<\/div>\n<div class=\"review-component-price text-right\"><\/div>\n<\/div>\n<div class=\"col-lg-6 d-flex px-md-5 py-1\">\n<div class=\"review-question\"><strong>AUSSTATTUNGSPAKET<\/strong><\/div>\n<div class=\"review-answer\">Licht<\/div>\n<div class=\"review-component-price text-right\"><span class=\"text-primary\">\u00a0<\/span><\/div>\n<\/div>\n<div class=\"col-lg-6 d-flex px-md-5 py-1\">\n<div class=\"review-question\"><strong>SCHEINWERFER<\/strong><\/div>\n<div class=\"review-answer\">Busch&amp;M\u00fcller IQ-XS (80 Lux) mirror<\/div>\n<div class=\"review-component-price text-right\"><\/div>\n<\/div>\n<div class=\"col-lg-6 d-flex px-md-5 py-1\">\n<div class=\"review-question\"><strong>DYNAMO<\/strong><\/div>\n<div class=\"review-answer\">Shimano ALFINE QR<\/div>\n<div class=\"review-component-price text-right\"><\/div>\n<\/div>\n<div class=\"col-lg-6 d-flex px-md-5 py-1\">\n<div class=\"review-question\"><strong>SATTELST\u00dcTZE<\/strong><\/div>\n<div class=\"review-answer\">Lightskin mit integriertem R\u00fccklicht<\/div>\n<div class=\"review-component-price text-right\"><\/div>\n<\/div>\n<div class=\"col-lg-6 d-flex px-md-5 py-1\">\n<div class=\"review-question\"><strong>LENKER<\/strong><\/div>\n<div class=\"review-answer\">Fixie Flat Bar Mirror<\/div>\n<div class=\"review-component-price text-right\"><\/div>\n<\/div>\n<div class=\"col-lg-6 d-flex px-md-5 py-1\">\n<div class=\"review-question\"><strong>VORBAU<\/strong><\/div>\n<div class=\"review-answer\">Ergotec Pike Ahead Mirror<\/div>\n<div class=\"review-component-price text-right\"><\/div>\n<\/div>\n<div class=\"col-lg-6 d-flex px-md-5 py-1\">\n<div class=\"review-question\"><strong>LENKERGRIFFE<\/strong><\/div>\n<div class=\"review-answer\">Ergotec Active Flex<\/div>\n<div class=\"review-component-price text-right\"><\/div>\n<\/div>\n<div class=\"col-lg-6 d-flex px-md-5 py-1\">\n<div class=\"review-question\"><strong>BEREIFUNG<\/strong><\/div>\n<div class=\"review-answer\">Schwalbe G-One Allround 40-622<\/div>\n<div class=\"review-component-price text-right\"><\/div>\n<\/div>\n<div class=\"col-lg-6 d-flex px-md-5 py-1\">\n<div class=\"review-question\"><strong>RADSCH\u00dcTZER<\/strong><\/div>\n<div class=\"review-answer\">Aluminium Mirror<\/div>\n<div class=\"review-component-price text-right\"><\/div>\n<\/div>\n<div class=\"col-lg-6 d-flex px-md-5 py-1\">\n<div class=\"review-question\"><strong>KETTENSCH\u00dcTZER<\/strong><\/div>\n<div class=\"review-answer\">VDV 38Z, mirror<\/div>\n<\/div>\n<div class=\"col-lg-6 d-flex px-md-5 py-1\">\n<div class=\"review-question\"><strong>BREMSEN<\/strong><\/div>\n<div class=\"review-answer\">Magura HS11<\/div>\n<\/div>\n<div class=\"col-lg-6 d-flex px-md-5 py-1\">\n<div class=\"review-question\"><strong>SATTEL<\/strong><\/div>\n<div class=\"review-answer\">VDV MTB<\/div>\n<div class=\"review-component-price text-right\"><\/div>\n<\/div>\n<div class=\"col-lg-6 d-flex px-md-5 py-1\">\n<div class=\"review-question\"><strong>PEDALE<\/strong><\/div>\n<div class=\"review-answer\">Marwi SP-828<\/div>\n<div class=\"review-component-price text-right\"><\/div>\n<\/div>\n<div class=\"col-lg-6 d-flex px-md-5 py-1\">\n<div class=\"review-component-price text-right\"><\/div>\n<\/div>\n<\/div>\n","protected":false},"excerpt":{"rendered":"<p>RAHMENFORM Diamant Classic RAHMENH\u00d6HE 55 cm RAHMENFARBE ECO Grey DEKOR VDV Wei\u00df ANTRIEB Kette GABEL Alu Starrgabel in Rahmenfarbe AUSSTATTUNGSPAKET Licht \u00a0 SCHEINWERFER Busch&amp;M\u00fcller IQ-XS (80 Lux) mirror DYNAMO Shimano ALFINE QR SATTELST\u00dcTZE Lightskin mit integriertem R\u00fccklicht LENKER Fixie Flat Bar Mirror VORBAU Ergotec Pike Ahead Mirror LENKERGRIFFE Ergotec Active Flex BEREIFUNG Schwalbe G-One Allround [&hellip;]<\/p>\n","protected":false},"featured_media":1085,"template":"","meta":[],"product_brand":[],"product_cat":[17],"product_tag":[25],"class_list":{"0":"post-707","1":"product","2":"type-product","3":"status-publish","4":"has-post-thumbnail","6":"product_cat-velo-de-ville","7":"product_tag-25","9":"first","10":"instock","11":"taxable","12":"shipping-taxable","13":"purchasable","14":"product-type-simple"},"_links":{"self":[{"href":"https:\/\/grupetto.de\/shop\/wp-json\/wp\/v2\/product\/707","targetHints":{"allow":["GET"]}}],"collection":[{"href":"https:\/\/grupetto.de\/shop\/wp-json\/wp\/v2\/product"}],"about":[{"href":"https:\/\/grupetto.de\/shop\/wp-json\/wp\/v2\/types\/product"}],"wp:featuredmedia":[{"embeddable":true,"href":"https:\/\/grupetto.de\/shop\/wp-json\/wp\/v2\/media\/1085"}],"wp:attachment":[{"href":"https:\/\/grupetto.de\/shop\/wp-json\/wp\/v2\/media?parent=707"}],"wp:term":[{"taxonomy":"product_brand","embeddable":true,"href":"https:\/\/grupetto.de\/shop\/wp-json\/wp\/v2\/product_brand?post=707"},{"taxonomy":"product_cat","embeddable":true,"href":"https:\/\/grupetto.de\/shop\/wp-json\/wp\/v2\/product_cat?post=707"},{"taxonomy":"product_tag","embeddable":true,"href":"https:\/\/grupetto.de\/shop\/wp-json\/wp\/v2\/product_tag?post=707"}],"curies":[{"name":"wp","href":"https:\/\/api.w.org\/{rel}","templated":true}]}}