{"id":528,"date":"2024-01-19T13:07:30","date_gmt":"2024-01-19T12:07:30","guid":{"rendered":"https:\/\/grupetto.de\/shop\/fahrrad\/unkategorisiert\/orbea-oiz-h20\/"},"modified":"2026-02-14T13:07:08","modified_gmt":"2026-02-14T12:07:08","slug":"orbea-oiz-h20","status":"publish","type":"product","link":"https:\/\/grupetto.de\/shop\/fahrrad\/orbea\/orbea-oiz-h20\/","title":{"rendered":"Orbea Oiz H20"},"content":{"rendered":"<p>L \/ Moondust Blue-Leo Orange (Matt)<\/p>\n<h2>BUILT TO FLY<\/h2>\n<p>&nbsp;<\/p>\n<p>Du hast die Kontrolle. Ohne Wenn und Aber. Das Oiz ist kein Down-Country- und kein Trail-Bike, sondern eine waschechte 120-mm-XC-Rennmaschine, die blendend aussieht und genauso gut f\u00e4hrt. Moderne Geometrie, smarte Aufh\u00e4ngung und ein Design, das von Anfang bis Ende auf die 120-mm-Federgabel ausgelegt ist \u2013 so sorgt das Oiz f\u00fcr maximales Fahrvergn\u00fcgen ohne Abstriche bei Gewicht oder Effizienz. Kurzum, das Oiz ist das schnellste XC-Bike, das wir in \u00fcber 180 Jahren gefertigt haben.<\/p>\n<h2 class=\"titleblock\">Spezifikationen<\/h2>\n<div class=\"content-block\">\n<div class=\"row\">\n<div class=\"title-row\">\n<h3>Frameset<\/h3>\n<\/div>\n<div>\n<div><span class=\"reference\">Rahmen<\/span><\/p>\n<div class=\"text\">\n<p>Orbea Oiz Hydro High Polished, Alloy link, Boost, BSA, SIC, UFO, I-Line shock<\/p>\n<\/div>\n<\/div>\n<\/div>\n<div>\n<div><span class=\"reference\">D\u00e4mpfer<\/span><\/p>\n<div class=\"text\">\n<p>Fox Float SL Performance 120mm Remote Push-lock Evol custom tune190x45mm<\/p>\n<\/div>\n<\/div>\n<\/div>\n<div>\n<div><span class=\"reference\">Gabel<\/span><\/p>\n<div class=\"text\">\n<p>Fox 32 Float Rhythm 120 Remote Push to Lock QR15x110<\/p>\n<\/div>\n<\/div>\n<\/div>\n<div>\n<div><span class=\"reference\">Steuersatz<\/span><\/p>\n<div class=\"text\">\n<p>FSA 1-1\/2&#8243; Integrated Aluminium Cup<\/p>\n<\/div>\n<\/div>\n<\/div>\n<\/div>\n<div class=\"row\">\n<div class=\"title-row\">\n<h3>\u00dcbersetzung<\/h3>\n<\/div>\n<div>\n<div><span class=\"reference\">Kurbel<\/span><\/p>\n<div class=\"text\">\n<p>SRAM Stylo 6K Eagle Dub Boost 32t Steel<\/p>\n<\/div>\n<\/div>\n<\/div>\n<div>\n<div><span class=\"reference\">hebel<\/span><\/p>\n<div class=\"text\">\n<p>SRAM GX Eagle Lunar<\/p>\n<\/div>\n<\/div>\n<\/div>\n<div>\n<div><span class=\"reference\">Kassette<\/span><\/p>\n<div class=\"text\">\n<p>SRAM PG-1230 Eagle 11-50t 12-Speed<\/p>\n<\/div>\n<\/div>\n<\/div>\n<div>\n<div><span class=\"reference\">Schaltwerk<\/span><\/p>\n<div class=\"text\">\n<p>SRAM GX Eagle Lunar<\/p>\n<\/div>\n<\/div>\n<\/div>\n<div>\n<div><span class=\"reference\">Kette<\/span><\/p>\n<div class=\"text\">\n<p>SRAM NX Eagle 12-Speed<\/p>\n<\/div>\n<\/div>\n<\/div>\n<\/div>\n<div class=\"row\">\n<div class=\"title-row\">\n<h3>Cockpit<\/h3>\n<\/div>\n<div>\n<div><span class=\"reference\">Lenker<\/span><\/p>\n<div class=\"text\">\n<p>Alloy, 31.8mm, Flat, 740mm, Sweep 9<\/p>\n<div class=\"like-tooltip\"><\/div>\n<\/div>\n<\/div>\n<\/div>\n<\/div>\n<\/div>\n<div class=\"row\">\n<div>\n<div>\n<div class=\"text\">\n<div class=\"like-tooltip\"><\/div>\n<\/div>\n<\/div>\n<\/div>\n<div>\n<div><span class=\"reference\">Vorbau<\/span><\/p>\n<div class=\"text\">\n<p>OC Mountain Performance MP21, -6\u00ba<\/p>\n<\/div>\n<\/div>\n<\/div>\n<\/div>\n<div class=\"row\">\n<div class=\"title-row\">\n<h3>Bremsen<\/h3>\n<\/div>\n<div>\n<div><span class=\"reference\">Bremsen<\/span><\/p>\n<div class=\"text\">\n<p>Shimano M6100 Hydraulic Disc<\/p>\n<div class=\"like-tooltip\"><\/div>\n<\/div>\n<\/div>\n<\/div>\n<\/div>\n<div class=\"row\">\n<div>\n<div>\n<div class=\"text\">\n<div class=\"like-tooltip\"><\/div>\n<\/div>\n<\/div>\n<\/div>\n<div>\n<div>\n<div class=\"text\">\n<p>&nbsp;<\/p>\n<\/div>\n<\/div>\n<\/div>\n<\/div>\n<div class=\"row\">\n<div class=\"title-row\">\n<h3>Laufr\u00e4der<\/h3>\n<\/div>\n<div>\n<div><span class=\"reference\">Laufradsatz<\/span><\/p>\n<div class=\"text\">\n<p>Alloy, Tubeless, 25c, 32H<\/p>\n<\/div>\n<\/div>\n<\/div>\n<div>\n<div><span class=\"reference\">Reifen<\/span><\/p>\n<div class=\"text\">\n<p>Maxxis Rekon Race 2.40&#8243; WT 120 TPI Exo TLR<\/p>\n<\/div>\n<\/div>\n<\/div>\n<\/div>\n<div class=\"row\">\n<div class=\"title-row\">\n<h3>Komponenten<\/h3>\n<\/div>\n<div>\n<div><span class=\"reference\">Sattelst\u00fctze<\/span><\/p>\n<div class=\"text\">\n<p>OC Mountain Control MC21, 31.6mm, Dropper<\/p>\n<div class=\"like-tooltip\"><\/div>\n<\/div>\n<\/div>\n<\/div>\n<\/div>\n<div>\n<div>\n<div class=\"text\">\n<div class=\"like-tooltip\"><\/div>\n<\/div>\n<\/div>\n<\/div>\n<div>\n<div><span class=\"reference\">Sattelst\u00fctze Remote<\/span><\/p>\n<div class=\"text\">\n<p>OC Squidlock MP20-D Dropper Remote<\/p>\n<\/div>\n<\/div>\n<\/div>\n<div>\n<div><span class=\"reference\">Sattel<\/span><\/p>\n<div class=\"text\">\n<p>Selle Italia Model X FecAlloy Rail 145x248mm<\/p>\n<div class=\"like-tooltip\"><\/div>\n<\/div>\n<\/div>\n<\/div>\n<div>\n<div>\n<div class=\"text\">\n<div class=\"like-tooltip\"><\/div>\n<\/div>\n<\/div>\n<\/div>\n<div>\n<div><span class=\"reference\">Handgriffe<\/span><\/p>\n<div class=\"text\">\n<p>OC Lock On<\/p>\n<\/div>\n<\/div>\n<\/div>\n<div>\n<div><span class=\"reference\">Lenkerfernbedienung<\/span><\/p>\n<div class=\"text\">\n<p>Fox Lockout, 2 Position, Dual<\/p>\n<\/div>\n<\/div>\n<\/div>\n","protected":false},"excerpt":{"rendered":"<p>L \/ Moondust Blue-Leo Orange (Matt) BUILT TO FLY &nbsp; Du hast die Kontrolle. Ohne Wenn und Aber. Das Oiz ist kein Down-Country- und kein Trail-Bike, sondern eine waschechte 120-mm-XC-Rennmaschine, die blendend aussieht und genauso gut f\u00e4hrt. Moderne Geometrie, smarte Aufh\u00e4ngung und ein Design, das von Anfang bis Ende auf die 120-mm-Federgabel ausgelegt ist \u2013 [&hellip;]<\/p>\n","protected":false},"featured_media":602,"template":"","meta":[],"product_brand":[],"product_cat":[30],"product_tag":[25],"class_list":{"0":"post-528","1":"product","2":"type-product","3":"status-publish","4":"has-post-thumbnail","6":"product_cat-orbea","7":"product_tag-25","9":"first","10":"instock","11":"taxable","12":"shipping-taxable","13":"purchasable","14":"product-type-simple"},"_links":{"self":[{"href":"https:\/\/grupetto.de\/shop\/wp-json\/wp\/v2\/product\/528","targetHints":{"allow":["GET"]}}],"collection":[{"href":"https:\/\/grupetto.de\/shop\/wp-json\/wp\/v2\/product"}],"about":[{"href":"https:\/\/grupetto.de\/shop\/wp-json\/wp\/v2\/types\/product"}],"wp:featuredmedia":[{"embeddable":true,"href":"https:\/\/grupetto.de\/shop\/wp-json\/wp\/v2\/media\/602"}],"wp:attachment":[{"href":"https:\/\/grupetto.de\/shop\/wp-json\/wp\/v2\/media?parent=528"}],"wp:term":[{"taxonomy":"product_brand","embeddable":true,"href":"https:\/\/grupetto.de\/shop\/wp-json\/wp\/v2\/product_brand?post=528"},{"taxonomy":"product_cat","embeddable":true,"href":"https:\/\/grupetto.de\/shop\/wp-json\/wp\/v2\/product_cat?post=528"},{"taxonomy":"product_tag","embeddable":true,"href":"https:\/\/grupetto.de\/shop\/wp-json\/wp\/v2\/product_tag?post=528"}],"curies":[{"name":"wp","href":"https:\/\/api.w.org\/{rel}","templated":true}]}}